16.
16
Let w(l) = -6*l + 356. Let m be w(47). What is the highest common factor of m and 962?
74
Suppose 65*b + 1705 = 70*b. What is the greatest common divisor of b and 62?
31
Let g = 0 + 3. Suppose g*t - 660 = -0*t. Suppose -4*x + 0*x = -t. What is the greatest common factor of 5 and x?
5
Let u be 0 + 0 - (1 - 3). Suppose -3302*c + 3*x + 10 = -3301*c, -5*x = 2*c - 42. Calculate the highest common divisor of u and c.
2
Let s = 58 - 40. Let j be (40/50)/((-2)/(-180)). Calculate the greatest common divisor of j and s.
18
Suppose 5*c + l = 9363, 10 - 7 = l. Calculate the highest common divisor of c and 6.
6
Suppose 5*s - 2 = 3*s. Let w(i) = 21*i. Let m be w(s). Let r(z) = z**2 - 170*z - 1970. Let a be r(-11). What is the greatest common divisor of m and a?
21
Let g = -170 - -215. What is the greatest common divisor of g and 120?
15
Suppose -47*j = -17*j - 1620. Suppose 0 = 3*v + 2*v - 30. What is the highest common factor of j and v?
6
Suppose 15*g = -133 + 1078. What is the greatest common divisor of g and 252?
63
Let n(w) = 9*w - 24. Let g be n(9). Calculate the highest common divisor of g and 551.
19
Suppose -5617 = -22*q + 3953. What is the greatest common divisor of q and 15?
15
Suppose 9*f - 200 = 4*f. Suppose -5*b = 3*u - 49, 5*b + 3 - 49 = -2*u. Calculate the highest common factor of b and f.
8
Suppose 4*q = 2*q + 6. Suppose -q*n - 4*b + 502 = 0, 0*b + b - 848 = -5*n. Let h = n - 79. Calculate the greatest common factor of 13 and h.
13
Let g = 1805 + -1791. Suppose 3*z + 21 = 3*t, 3 = -t - 2*z + 1. Let a = t + g. Calculate the greatest common divisor of 27 and a.
9
Let t(y) be the third derivative of 5*y**4/6 - 5*y**3/3 + 11*y**2. Let o be t(3). What is the highest common factor of 20 and o?
10
Suppose -5*a + 15 = 2*u, 0 = -5*u + 2*u + 3*a + 54. Let w = -8 + u. What is the highest common divisor of w and 35?
7
Let r(d) = d**3 + 3*d**2 - 3*d. Let g = 13 + -10. Suppose -4 = -4*l + 2*a + 4, 0 = -g*a. Let h be r(l). Calculate the greatest common divisor of h and 2.
2
Let h(a) = -a**2 - 8*a + 22. Let l be 292/(-20) + (-4)/10. Let z be h(l). Let n be z/(-9) - (-6)/(-27). What is the greatest common factor of 54 and n?
9
Let z be -4*(-21)/(-2)*6/(-14). Suppose 0 = 5*o - 172 - z. What is the greatest common factor of 95 and o?
19
Suppose 0 = -8*p + 1369 + 1575. What is the greatest common factor of 4 and p?
4
Suppose 2*f - 3*a = 268 - 56, 0 = -f - a + 116. What is the highest common factor of f and 4?
4
Let n be (4 + -2)*(7 + -9). Let h be -1 + (4 - 2) - n. Suppose 3*r - h = 2*r. What is the highest common factor of r and 15?
5
Let u(a) = -7*a**2 + 3*a + 2. Let p be u(-1). Let z = 64 + p. Suppose -2*r - 22 = -4*f, r = 5 - 0. Calculate the greatest common divisor of f and z.
8
Let s be 8 + -1 - (13 + -20). What is the greatest common divisor of s and 147?
7
Suppose -4*o + 92 = 2*t, -37 = -t - 3*o + 5. Calculate the highest common factor of t and 2538.
54
Let l(w) = 13*w**2 - 7*w + 9. Let p be l(3). Suppose -3*j - 23 = -68. What is the highest common divisor of p and j?
15
Suppose 6*t + 251 = 1295. What is the highest common divisor of t and 6?
6
Let q be (7 - -62) + (-3 + 7)*-1. What is the highest common divisor of q and 39?
13
Let l be 716 - (2/(-4))/((-2)/8). What is the highest common divisor of l and 42?
42
Let l be 2*(-3)/8*24/(-6). Suppose 2*d + 160 = l*d. Let g(i) = -21*i - 1. Let x be g(-1). What is the greatest common factor of x and d?
20
Let z(b) = b**3 + 13*b**2 + 31*b + 22. Let w be z(-10). Calculate the greatest common divisor of w and 54.
6
Let i = -5 - -8. Let h = -112 - -114. Suppose -6 = 2*u, -h*v - u + i*u + 14 = 0. What is the greatest common factor of 8 and v?
4
Let x = 38 + 3. Suppose 19 + x = 2*k. What is the greatest common divisor of k and 120?
30
Suppose -3*r = -h + 140, -2*r = -3*r - 5. Calculate the greatest common divisor of h and 175.
25
Suppose 4*x - d = 151 + 301, 0 = -3*x + 3*d + 330. Suppose 24 = p - 5*a, -2*a - x = -6*p + 2*p. What is the greatest common divisor of p and 203?
29
Let p be (-34 + 35)/(2/130). Calculate the highest common factor of p and 10.
5
Let g = -8 + 47. Let v = -19 - -25. Suppose 2*d - 58 = -v. What is the highest common divisor of g and d?
13
Let s(i) = -3*i**3 - 3*i**2 - 29*i - 144. Let r be s(-6). Calculate the highest common divisor of r and 45.
15
Suppose -u + 4*x + 30 = -1, -160 = -4*u - 2*x. What is the highest common factor of 52 and u?
13
Let t be 9 + (2 - 7) - -524. Calculate the highest common factor of 48 and t.
48
Let w = 129 + -123. Calculate the greatest common divisor of 222 and w.
6
Suppose -2*k - 53 = -1. Let u be (-16 - -12)*k/(-4). Let y = -8 - u. What is the greatest common factor of y and 36?
18
Suppose x = -4*j - 4*x + 122, -x = -j + 35. Calculate the highest common factor of 187 and j.
11
Suppose 20*y - 10*y - 440 = 0. What is the greatest common factor of 172 and y?
4
Suppose 406 + 654 = 5*k. Suppose -x - k = x. Let p be (-2 - -2) + 4 - x. What is the highest common divisor of p and 22?
22
Let u = 14 - 8. Suppose 2*k - 5*k = 30. Let m(i) = i**3 + 11*i**2 + 10*i + 6. Let r be m(k). Calculate the highest common factor of r and u.
6
Suppose -2*o - 4*x = -8, 2*o - x = -0*o + 13. Calculate the greatest common factor of o and 81.
3
Let m be ((-4)/4)/((-2)/8). Suppose w - 56 = m*p, 3*p + 3 = 9. Suppose -3*j + 96 = 5*g, j + 3*g = -j + w. What is the greatest common divisor of j and 4?
4
Suppose -138*u + 4*y = -139*u + 2027, 0 = u + y - 2039. What is the highest common factor of u and 9?
9
Let l(z) = 26*z - 76. Let y be l(6). What is the greatest common factor of y and 100?
20
Suppose 4*k - 2 = 2, -4*o - 3*k = -59. Let z(y) = -6 + 3*y**3 - 5*y**2 - 2*y**3 - y**2 + 3 + 7*y. Let v be z(5). What is the greatest common factor of o and v?
7
Suppose 37 = 6*b + 7. Suppose -5*k - b*k + 340 = 0. What is the greatest common divisor of 340 and k?
34
Suppose -4*q + 40 = -2*q. Let d = -16 + q. Let w be d/(12/27) - -2. Calculate the greatest common factor of 11 and w.
11
Let r = -12 - 108. Let u = 450 + r. What is the highest common factor of u and 30?
30
Let l(t) be the third derivative of t**5/60 + t**4/12 + 4*t**3/3 + 10*t**2. Let a be l(6). Calculate the highest common factor of a and 7.
7
Let y = 76 + -28. Suppose -5*l = -l - y. Suppose -2*u = u - 24. What is the highest common factor of l and u?
4
Let p be (-1)/(3/(-424)) - 6/(-9). Let y = 133 + p. Calculate the highest common divisor of y and 25.
25
Suppose 0*q - 2*q - 3*p + 8 = 0, -5*q + 3*p = -41. What is the greatest common factor of q and 7?
7
Let w be -3*2/(-12)*-2. Let a be w*(-8)/(1 + 1). Suppose 2*f + 2*r - 44 = -f, a*r = -4*f + 56. What is the highest common divisor of f and 16?
16
Suppose 177*l - 180*l = -36. What is the greatest common factor of 96 and l?
12
Suppose 19*i - 15*i = 148. What is the highest common factor of i and 74?
37
Let m be (-8)/12*(-6)/(-4). Let u be m/((-3 + 2)/5). Let n = 32 + 8. What is the greatest common divisor of u and n?
5
Let x be (-2 + 1)*-2 - -31. What is the highest common factor of x and 11?
11
Suppose 5*m + 66 + 26 = 2*p, 0 = -5*p - 2*m + 259. Let a = p + -4. Calculate the greatest common divisor of a and 47.
47
Suppose -4*r + 8 = 4. Let c be r - (-5)/((-10)/(-6)). Let m be (14/(-77) - (-348)/99)*3. Calculate the greatest common divisor of m and c.
2
Let p(b) = -b**3 + 12*b**2 + 6*b + 26. Let n be p(12). What is the highest common factor of 2 and n?
2
Let z = -58 - -58. Suppose 4*r + k - 25 = -4*k, 5*r + 5*k - 30 = z. Calculate the greatest common factor of 30 and r.
5
Let z = -81 + 42. Let x be z*((-21)/(-2))/((-72)/32). Calculate the greatest common divisor of x and 26.
26
Let v be 9 - 7/((-7)/4). Suppose -8 = -2*d + 4*x, -3*d + 0*d + x + 2 = 0. Let c be (d - 1) + 1*40. Calculate the highest common divisor of v and c.
13
Let a(g) = -59*g - 183. Let u be a(-5). What is the highest common divisor of u and 504?
56
Let x be ((-28)/(-42))/(1/84). Let u = 36 + -22. What is the greatest common factor of u and x?
14
Suppose 33*x - 32*x = -2. Let y be 5*(x + 8) - -3. Calculate the greatest common factor of 3 and y.
3
Suppose -25 = 3*u - 37. Suppose u*q = -2*p + 78, 3*p + q - 127 = -25. What is the highest common divisor of p and 3?
3
Let r = 506 + -472. What is the greatest common factor o